p + 12 = i*h, -5*p + 12 = -2*p. Calculate the remainder when h is divided by 4.
2
What is the remainder when 104 is divided by 4/12*-10*144/(-40)?
8
Calculate the remainder when 130 is divided by (-1 + (-14)/(-4))/(27/162).
10
Suppose -90*f + 1057 = -83*f. Calculate the remainder when f is divided by 26.
21
Suppose -4*b - 3*b = -1260. Suppose 4*x - b + 16 = 0. What is the remainder when 78 is divided by x?
37
Let q(r) = r**3 - 14*r**2 + 43*r - 1. What is the remainder when 15 is divided by q(4)?
4
Let r(m) = 3*m**2 - 3*m - 1. Suppose 12 = j + 3*j. Suppose -112 - 35 = -j*s. What is the remainder when s is divided by r(3)?
15
Let g = -38 - -57. Calculate the remainder when 35 is divided by g.
16
Let b(w) be the second derivative of -w**3/6 + w**2/2 - 3*w. Calculate the remainder when (-138)/(-4)*(-8)/(-12) is divided by b(-5).
5
Suppose 3*z - 7 = 2*c, -3*c = -7*c + 5*z - 9. Calculate the remainder when c/(-6)*(-63)/14 + 20 is divided by 12.
11
Let x be (68 - -1) + 1 + (-10)/5. Suppose 34 = c - x. Calculate the remainder when c is divided by 35.
32
Suppose -732 = -45*i + 39*i. Calculate the remainder when i is divided by 41.
40
Let o be (-2)/(-3) - 42/(-18). Suppose x + o*x = 16. Suppose -22 = -x*z + 10. Calculate the remainder when 22 is divided by z.
6
Let j = -962 - -986. What is the remainder when j is divided by 23?
1
Let b = -340 + 711. Suppose 10*m + 1 = b. Calculate the remainder when m is divided by 20.
17
Let d be (-12)/28 - 144/7. Let n be 332/(-14) - (-2)/(-7). Let z = d - n. What is the remainder when z is divided by 2?
1
Suppose 4*n + 12 = 4*g, -3*g + 5*n + 8 = -7. Suppose 3*c = 2*u + c - 10, -3*u + 4*c + 15 = g. Let w = -7 + 13. Calculate the remainder when w is divided by u.
1
Suppose -j - 4*j + 210 = 0. Let q = j + -20. Let z = 44 - q. What is the remainder when z is divided by 12?
10
Let m be (3 + -5)/((-2)/22). Suppose 0 = 2*s - 2*y - m, -4*s - 3*y + 44 = y. Calculate the remainder when s is divided by 6.
5
Let o(j) = j**3 - 18*j**2 - 5*j + 98. What is the remainder when 1478 is divided by o(18)?
6
Let m(p) = -3*p**3 - 3*p**2 + 5. Suppose -4*j + 2*a = -j - 118, 5*j + 2*a = 186. What is the remainder when m(-4) is divided by j?
35
Suppose 2*y + 2 = 2*l, -3*l + 8 + 3 = -y. Let n = 2 + l. Let i = 3 + n. What is the remainder when i is divided by 6?
4
Let x = 375 - 345. Let z = 16 - 5. Calculate the remainder when x is divided by z.
8
Suppose -213*v = -222*v + 1062. What is the remainder when v is divided by 38?
4
Let v = 1112 - 1068. Calculate the remainder when 309 is divided by v.
1
Let d be (12/8)/((-9)/312). Let h = -28 - d. Calculate the remainder when 73 is divided by h/1 + (0 - -1).
23
Calculate the remainder when 5256/(-32)*(-2 + (-8)/(-12)) is divided by 59.
42
Suppose -4*o - 3*n = -8*o - 6, 5*n - 10 = 5*o. Calculate the remainder when 23 is divided by 2/(o - (-2)/8).
7
Suppose -3*t + 2*r = 138, -4*r - 167 = 4*t - r. Let d = -40 - t. Calculate the remainder when 11 is divided by d.
3
Let o(f) = f + 2. Let x be o(4). Let p = -14 + 26. Suppose 2*r = x*r - p. Calculate the remainder when 3 is divided by r.
0
Let k(b) = b**2 + 5*b - 1. Let t be k(-4). Calculate the remainder when (-2)/(-10) - 664/t is divided by 34.
31
Let p be -4*5/6*(-297)/110. Calculate the remainder when 84 is divided by 12/p*135/6.
24
Let u = 404 + -390. Let i = -22 + 49. What is the remainder when i is divided by u?
13
Suppose -23*j + 28*j = 595. Suppose t - 42 = -h, h - 2 = -h. What is the remainder when j is divided by t?
37
Let d(b) = -11*b**2 + 254*b + 12. Calculate the remainder when 137 is divided by d(23).
32
Let b = 85 + -87. Calculate the remainder when 18 is divided by b*55/(-10) - (3 + -1).
0
Suppose 3*t - 7 = -2*i + 8, -8 = -2*i + 4*t. Suppose 14 = -5*d + i*d. What is the remainder when 54 is divided by d?
12
Let f(h) = -2*h**3 - 4*h**2. Calculate the remainder when 4 + 3 + 63 + -3 is divided by f(-3).
13
Let c(k) = -k**2 + k + 21. Suppose 35*d - 376 = 884. What is the remainder when d is divided by c(0)?
15
Let t(l) = -l**3 + 19*l**2 - 16*l - 6. Let h be t(18). Suppose 5*y = 10*y - h. Calculate the remainder when 41 is divided by y.
5
Suppose -4*f - 5 - 19 = 0. What is the remainder when 68 is divided by 2/f - (-1166)/33?
33
Let n = -28 + 49. Suppose -3*s - 3 = w - 6*s, w = -3*s + n. What is the remainder when ((-2)/(-4))/(((-12)/272)/(-3)) is divided by w?
7
Let b = 241 + -140. Let u = -112 - -54. Let o = u + b. Calculate the remainder when o is divided by 22.
21
Let l(y) = 3*y + 3. Let j be l(-4). Let n = -227 - -269. What is the remainder when n is divided by -2 + 1*4 - j?
9
Suppose 3*l - 12 = 4*l. Let d(w) = w**2 + 9*w - 5. Let k be d(l). Let a = -11 + k. Calculate the remainder when 38 is divided by a.
18
Let p(w) = -34*w + 341. Let c(u) = -u**2 + 6*u - 4. Calculate the remainder when c(5) is divided by p(10).
0
Let k = -1301 - -1311. Calculate the remainder when 46 is divided by k.
6
Let p = 323 + -311. What is the remainder when 35 is divided by p?
11
Suppose 3*u = -3*q - u - 8, -41 = -4*q + 5*u. Suppose 0 = 4*c + 20, -4*g + 459 = -q*c - 37. What is the remainder when g is divided by 24?
23
Let o = 50 + -58. What is the remainder when 64 is divided by (-2)/(-8) + (-86)/o?
9
Let f = 103 - 44. Let c(u) = 20*u**2 - u + 1. What is the remainder when f is divided by c(1)?
19
Suppose 0 = -4*h + 2*u + 112, -6*h + 2*u = -11*h + 131. Calculate the remainder when 106 is divided by h.
25
Suppose -10*r = 4*y - 9*r - 1396, -2*y - 2*r + 698 = 0. What is the remainder when y is divided by 9?
7
Let h(d) = 2*d**2 - 29*d - 46. Calculate the remainder when 103 is divided by h(16).
1
Suppose -3*i + 5*h = 19, 0 = 4*h + 2 - 22. Let w be (-20)/90 - (-1030)/18. Suppose -3*j + w = -i*j. Calculate the remainder when j is divided by 15.
12
Let f be ((-13)/39)/(2/(-18)). Suppose 2*w - 7*w = -f*t + 262, t - 84 = w. What is the remainder when t is divided by 20?
19
Let u(c) = -2*c + 28. Let g be u(12). Suppose -g*a = -10*a + 120. Calculate the remainder when 39 is divided by a.
19
Let r(c) = -c**2 + 11*c - 8. Let g be r(8). Suppose 4*y - g = f, -3*y + 2*y + 19 = -4*f. Calculate the remainder when 11 is divided by (-1)/(f/12) - -1.
3
Let h(q) = 18*q**3 + 1. Let u be h(1). Suppose 4*t - u = 17. Suppose 5*x - 79 = 1. What is the remainder when x is divided by t?
7
Let b(x) = 4*x**3 - 2*x + 2. Let q(v) = -v**3 - v. Let m(t) = b(t) + 3*q(t). Let a be 5/3 + (-4)/(-3). What is the remainder when 26 is divided by m(a)?
12
Suppose -25*i + 19*i = -966. Calculate the remainder when i is divided by 15.
11
Suppose p - 35 = -4*k - 14, -3*p - 5*k = -56. Let i = 44 - p. What is the remainder when (-9)/2*(-68)/6 is divided by i?
24
Suppose 5*s + 13*y - 789 = 9*y, -487 = -3*s + y. What is the remainder when s is divided by 6?
5
What is the remainder when 425 is divided by ((-633)/(-422))/((-6)/(-56))?
5
Let f = 35 - 34. Suppose -f = 4*k - 61. Let n = 27 - k. Calculate the remainder when 35 is divided by n.
11
Calculate the remainder when 29*((2 - 6) + 16) is divided by 35.
33
Let r = -169 + 185. What is the remainder when r is divided by 10?
6
Let a(w) be the third derivative of -w**4/12 + 12*w**2. Calculate the remainder when 18 is divided by a(-5).
8
Suppose 208 = 5*g - 3*o - 142, -293 = -4*g + 5*o. Suppose g = 4*z - 17. What is the remainder when z is divided by 11?
10
Suppose -3*u - 74 = -4*t, -2*t + 2*u + 26 = -12. Let b = 2206 - 2197. Calculate the remainder when t is divided by b.
8
Let a = 21 + -17. Suppose 2*h - 64 = -2*q, 0 = -2*q + a*h - h + 54. What is the remainder when q is divided by 17?
13
Suppose 49*m + 832 = 62*m. Calculate the remainder when 378 is divided by m.
58
Let m(w) = -5*w + 4. Let l(q) = q**3 + 7*q**2 - 45*q - 55. Calculate the remainder when l(-10) is divided by m(-4).
23
Let t = 19 - 17. Let x be (t - 2)/(0 - 2). Suppose -4*z - j = -39, x = 2*j - j + 1. What is the remainder when z is divided by 6?
4
Let j = 92 - 88. Calculate the remainder when 19 is divided by j.
3
Let t(o) = 2*o - 2. What is the remainder when -24*-6*(-10)/(-72) is divided by t(5)?
4
Suppose -5*l - 39 = -519. Let p = l - 59. Calculate the remainder when p is divided by 10.
7
Let w = -774 + 786. Let n(b) = b + 184. Let i be n(0). Suppose -2*r = w - i. Calculate the remainder wh